{"id":545,"date":"2018-01-08T18:05:56","date_gmt":"2018-01-09T02:05:56","guid":{"rendered":"http:\/\/manoamanofc.org\/aboutus\/?page_id=545"},"modified":"2024-05-19T22:43:45","modified_gmt":"2024-05-20T05:43:45","slug":"yep","status":"publish","type":"page","link":"https:\/\/manoamanofc.org\/aboutus\/our-programs\/yep\/","title":{"rendered":"YEP"},"content":{"rendered":"\n<div style=\"height:8px\" aria-hidden=\"true\" class=\"wp-block-spacer\"><\/div>\n\n\n\n<div id=\"rise-blocks-section-block-instance-0-da7792a9-4e8c-4695-9522-a0bdba047c07\" class=\"wp-block-rise-blocks-section\"><div class=\"rise-blocks-boxed rise-blocks-section-wrapper\"><div class=\"rise-blocks-section-overlay\"><\/div><div class=\"rise-blocks-section-inner\">\n<h3 class=\"wp-block-heading has-large-font-size\"><em>The YEP works to help youth remove barriers in their lives so they may graduate, find stable employment and thrive.<\/em><\/h3>\n\n\n\n<div class=\"wp-block-group alignfull has-background is-layout-flow wp-block-group-is-layout-flow\" style=\"background-color:#f2f0e9\">\n<div class=\"wp-block-columns alignwide are-vertically-aligned-bottom is-layout-flex wp-container-core-columns-is-layout-1 wp-block-columns-is-layout-flex\">\n<div class=\"wp-block-column is-vertically-aligned-bottom is-layout-flow wp-block-column-is-layout-flow\" style=\"flex-basis:50%\"><\/div>\n\n\n\n<div class=\"wp-block-column is-vertically-aligned-bottom is-layout-flow wp-block-column-is-layout-flow\" style=\"flex-basis:50%\">\n<hr class=\"wp-block-separator has-text-color has-css-opacity has-background is-style-wide\" style=\"background-color:#000000;color:#000000\"\/>\n<\/div>\n<\/div>\n\n\n\n<div class=\"wp-block-columns alignwide is-layout-flex wp-container-core-columns-is-layout-2 wp-block-columns-is-layout-flex\">\n<div class=\"wp-block-column is-layout-flow wp-block-column-is-layout-flow\">\n<p class=\"has-text-color has-extra-small-font-size\" style=\"color:#000000\">The YEP was formally established in 2000, out of supports Mano a Mano started providing to families in the early 1990s. <\/p>\n\n\n\n<p class=\"has-text-color has-extra-small-font-size\" style=\"color:#000000\">Families from both the U.S. Southwest and Latin America began arriving in greater numbers to Salem-Keizer, Oregon, in the early nineties. <\/p>\n\n\n\n<p>It was then that Mano a Mano began offering a combination of after and out-of-school activities to support this newly-arrived youth, and their families.<\/p>\n<\/div>\n\n\n\n<div class=\"wp-block-column is-layout-flow wp-block-column-is-layout-flow\">\n<p class=\"has-text-color has-extra-small-font-size\" style=\"color:#000000\">The YEP offers:<\/p>\n\n\n\n<ul class=\"wp-block-list\">\n<li>Case management<\/li>\n\n\n\n<li>After &amp; Out-of-School Activities<\/li>\n\n\n\n<li>A drop-in center<\/li>\n\n\n\n<li>Healing circles<\/li>\n\n\n\n<li>Tutoring<\/li>\n\n\n\n<li>Mentoring<\/li>\n\n\n\n<li>Leadership and Service-learning opportunities<\/li>\n<\/ul>\n\n\n\n<p>This, and more activities, are delivered or supported by Promotores. Staff who are a combination of case managers, mentors, tutors, peers, and cheerleaders for the success of youth. Most Promotores are trained Traditional Health Workers.<\/p>\n<\/div>\n<\/div>\n\n\n\n<div style=\"height:40px\" aria-hidden=\"true\" class=\"wp-block-spacer\"><\/div>\n<\/div>\n\n\n\n<div style=\"height:15px\" aria-hidden=\"true\" class=\"wp-block-spacer\"><\/div>\n<\/div><\/div><\/div>\n\n\n\n<h3 class=\"wp-block-heading has-large-font-size\" style=\"line-height:1.4\"><em>El YEP trabaja para ayudar a los j\u00f3venes a eliminar las barreras en sus vidas para que puedan graduarse, encontrar un empleo estable y prosperar.<\/em><\/h3>\n\n\n\n<div class=\"wp-block-columns is-layout-flex wp-container-core-columns-is-layout-3 wp-block-columns-is-layout-flex\">\n<div class=\"wp-block-column is-layout-flow wp-block-column-is-layout-flow\">\n<p>El YEP se estableci\u00f3 formalmente en 2000, a partir del apoyo que Mano a Mano comenz\u00f3 a brindar a las familias a principios de la d\u00e9cada de 1990.<\/p>\n\n\n\n<p>A principios de los a\u00f1os noventa, familias tanto del suroeste de Estados Unidos como de Am\u00e9rica Latina comenzaron a llegar en mayor n\u00famero a Salem-Keizer, Oreg\u00f3n.<\/p>\n\n\n\n<p>Fue entonces cuando Mano a Mano comenz\u00f3 a ofrecer una combinaci\u00f3n de actividades extraescolares y extraescolares para apoyar a estos j\u00f3venes reci\u00e9n llegados y a sus familias.<\/p>\n<\/div>\n\n\n\n<div class=\"wp-block-column is-layout-flow wp-block-column-is-layout-flow\">\n<p>El YEP ofrece:<\/p>\n\n\n\n<ul class=\"wp-block-list\">\n<li>Gesti\u00f3n de casos<\/li>\n\n\n\n<li>Actividades despu\u00e9s y fuera de la escuela<\/li>\n\n\n\n<li>Un centro de acogida<\/li>\n\n\n\n<li>C\u00edrculos curativos<\/li>\n\n\n\n<li>Tutor\u00eda<\/li>\n\n\n\n<li>tutor\u00eda<\/li>\n\n\n\n<li>Oportunidades de liderazgo y aprendizaje-servicio<\/li>\n<\/ul>\n\n\n\n<p style=\"font-size:clamp(14px, 0.875rem + ((1vw - 3.2px) * 0.417), 18px);px\">Esta y m\u00e1s actividades son realizadas o apoyadas por Promotores. Personal que es una combinaci\u00f3n de administradores de casos, mentores, tutores, compa\u00f1eros y animadores para el \u00e9xito de los j\u00f3venes. La mayor\u00eda de los Promotores son trabajadores de salud tradicionales capacitados.<\/p>\n<\/div>\n<\/div>\n","protected":false},"excerpt":{"rendered":"<p>El YEP trabaja para ayudar a los j\u00f3venes a eliminar las barreras en sus vidas para que puedan graduarse, encontrar un empleo estable y prosperar. El YEP se estableci\u00f3 formalmente en 2000, a partir del apoyo que Mano a Mano comenz\u00f3 a brindar a las familias a principios de la d\u00e9cada de 1990. A principios [&hellip;]<\/p>\n","protected":false},"author":1,"featured_media":0,"parent":419,"menu_order":2,"comment_status":"closed","ping_status":"closed","template":"","meta":{"footnotes":""},"class_list":["post-545","page","type-page","status-publish","hentry"],"rise-blocks_excerpt":"El YEP trabaja para ayudar a los j\u00f3venes a eliminar las barreras en sus vidas para que puedan graduarse, encontrar un empleo estable y prosperar. El YEP se estableci\u00f3 formalmente en 2000, a partir del apoyo que Mano a Mano comenz\u00f3 a brindar a las familias a principios de la d\u00e9cada de 1990. A principios de los a\u00f1os noventa, familias..","_links":{"self":[{"href":"https:\/\/manoamanofc.org\/aboutus\/wp-json\/wp\/v2\/pages\/545"}],"collection":[{"href":"https:\/\/manoamanofc.org\/aboutus\/wp-json\/wp\/v2\/pages"}],"about":[{"href":"https:\/\/manoamanofc.org\/aboutus\/wp-json\/wp\/v2\/types\/page"}],"author":[{"embeddable":true,"href":"https:\/\/manoamanofc.org\/aboutus\/wp-json\/wp\/v2\/users\/1"}],"replies":[{"embeddable":true,"href":"https:\/\/manoamanofc.org\/aboutus\/wp-json\/wp\/v2\/comments?post=545"}],"version-history":[{"count":42,"href":"https:\/\/manoamanofc.org\/aboutus\/wp-json\/wp\/v2\/pages\/545\/revisions"}],"predecessor-version":[{"id":6337,"href":"https:\/\/manoamanofc.org\/aboutus\/wp-json\/wp\/v2\/pages\/545\/revisions\/6337"}],"up":[{"embeddable":true,"href":"https:\/\/manoamanofc.org\/aboutus\/wp-json\/wp\/v2\/pages\/419"}],"wp:attachment":[{"href":"https:\/\/manoamanofc.org\/aboutus\/wp-json\/wp\/v2\/media?parent=545"}],"curies":[{"name":"wp","href":"https:\/\/api.w.org\/{rel}","templated":true}]}}